 k is divided by 4?
2
Let b be (5/10)/(2/(-4)). Let k(u) = -7*u**3 - u**2 - u. Calculate the remainder when k(b) is divided by 4.
3
Suppose -17*x + 10*x + 1687 = 0. Calculate the remainder when x is divided by 27.
25
Calculate the remainder when 219 is divided by 11*-8*1*4/(-8).
43
Let v = 40 + -26. Suppose -2*t - 5*l = -90, 6*t - 3*l - 67 = 5*t. What is the remainder when t is divided by v?
13
Suppose 2*k = -2*k. Suppose 2*m - d = 63, 2*d = 6 - k. Calculate the remainder when m is divided by 17.
16
Suppose -b + 2*b = 32. What is the remainder when b is divided by ((-1)/(-3))/(10/510)?
15
Suppose -5*h - 84 = -8*h. Suppose h + 1 = q. Let t(y) = 3*y. Calculate the remainder when q is divided by t(5).
14
Let n = -3 - -5. Suppose 4*s = n*s + 48. Let v(i) = 6*i - 17. What is the remainder when s is divided by v(5)?
11
Suppose 3*j - 8 = -2. Let q(y) = -y**3 - y**2 - y + 6. What is the remainder when -15*j*(-1)/3 is divided by q(0)?
4
Let j(h) = -h**2 + 4. Let k be j(0). Suppose k*u = v + 11 - 3, u = v + 2. Calculate the remainder when ((-1)/3)/((-2)/42) is divided by u.
1
Suppose -2*j + 7 = 3*w - 2, -3*j - 4*w = -12. Suppose 2*u - 2 = -j*u. Calculate the remainder when 2/3 - 8/(-6) is divided by u.
0
Let q = 9 + 11. Suppose -q = -z + h, -5*h + 140 = 6*z - z. Calculate the remainder when z is divided by 13.
11
Let d = -6 - -18. Suppose -4*o + 40 = -2*c + 5*c, 0 = -o + 3*c - 5. Calculate the remainder when d is divided by o.
5
Let q(u) = 6*u - 26. What is the remainder when q(6) is divided by 4?
2
Let o(n) be the first derivative of n**3/3 - n**2/2 + n - 3. Calculate the remainder when o(-2) is divided by 4.
3
Suppose -16 = -5*w + 3*w. Calculate the remainder when 29 is divided by w.
5
Suppose 0 = -4*p + f + 64, -2*f - 32 = -2*p - 7*f. Suppose -41 = 3*j - 2*s + 6, -j - p = -s. What is the remainder when 26 is divided by ((-28)/5)/(6/j)?
12
Suppose 0 = 3*j + n - 87, -2*j - j + 4*n + 87 = 0. Calculate the remainder when j is divided by 8.
5
Let c(w) = -w - 1. Let h be c(-1). Suppose 3*o - 3 = h, i + 0*i - 5*o = 4. What is the remainder when i is divided by 4?
1
Suppose 0 = -3*f + 5*a - 25 + 59, -4*a = -4*f + 48. Suppose 4*q + 115 = 3*l - 0*l, 2*l - 5*q = 79. Calculate the remainder when l is divided by f.
11
What is the remainder when 19 is divided by 5 + -3 - -5 - 0?
5
Let y = -17 - -3. What is the remainder when 14 is divided by (-16)/(-1)*(-7)/y?
6
Let h = -4 - -7. Let b = 3 + h. Calculate the remainder when 48/5 - b/(-15) is divided by 4.
2
Suppose -5*z - 58 = -3*h, 5*h - z = -6*z + 110. What is the remainder when 145 is divided by h?
19
Suppose -x = -2*x + 2. What is the remainder when (-76 - 2)/((-4)/x) is divided by 20?
19
Let h = -38 - -67. Calculate the remainder when h is divided by 16.
13
Let a(u) = u**2 + 9*u + 14. What is the remainder when 110 is divided by a(-9)?
12
Suppose -j = -3*w + 43, 2*w - 22 = -j + 5. Suppose -118 = 4*s - 338. What is the remainder when s is divided by w?
13
Let i be 70/(-9) - 4/18. Let h = i - -13. Suppose 4*d = h*n, n - d = -3*d + 14. Calculate the remainder when 10 is divided by n.
2
Let m be -2 + (4 - (-3)/3). Let k(l) = 3*l + 1. Calculate the remainder when k(m) is divided by 4.
2
What is the remainder when (2 + -1)*68 + 0 is divided by 14?
12
What is the remainder when 220 is divided by -3*1*592/(-48)?
35
Let h(j) = j**2 - 7*j - 28. What is the remainder when 62 is divided by h(12)?
30
Suppose 0 = 5*l - 0*l - 40. What is the remainder when l is divided by ((-3)/4)/((-2)/8)?
2
Let h be (-12)/2*(-20)/30. Let j(r) = -r**3 + 4*r**2 + 2*r + 4. What is the remainder when 23 is divided by j(h)?
11
Calculate the remainder when 114 is divided by 4/(-6) + 89/3.
27
Suppose -p - 4*p - 50 = 0. Let i = 25 + p. What is the remainder when 28 is divided by i?
13
Let q(w) = -w**3 - 3*w**2 - w + 1. Let v be q(-3). Suppose -g = 3*l - 28, -v*l = -0*g + 4*g - 48. What is the remainder when 23 is divided by l?
7
Let r = -78 + 114. Let o = 28 - 15. Calculate the remainder when r is divided by o.
10
Suppose -3*y - 5*s + 42 = -13, 5*y - 75 = -5*s. Suppose 2*h + 18 = 3*h. Suppose h = 3*i - 0*i. What is the remainder when y is divided by i?
4
Let w = 10 + -5. Suppose p - 28 = -3*p. What is the remainder when p is divided by w?
2
Let g(z) = -22*z. Suppose -q - 2 = -v + 3, -7 = -3*v - q. Let j be g(v). Calculate the remainder when 1/(-5) + j/(-30) is divided by 2.
0
Suppose v + 2 = -4. Let q(k) = -6*k**2 - 13*k + 2. Let f(x) = 5*x**2 + 12*x - 2. Let b(z) = -5*f(z) - 4*q(z). What is the remainder when b(v) is divided by 5?
4
Let v(n) = 5*n**2 + 17*n - 6. Let i(u) = -2*u**2 - 8*u + 3. Let x(a) = 14*i(a) + 6*v(a). What is the remainder when 34 is divided by x(6)?
16
Suppose -10 = -5*n - 2*w, 2*w + 2 = n + w. Suppose n*m - 10 = 40. What is the remainder when m is divided by (-2)/(-6) + 52/6?
7
Let w(h) = 5*h - 32. Calculate the remainder when 47 is divided by w(9).
8
Let j = 38 + -25. What is the remainder when 49 is divided by j?
10
Suppose 0 = 6*y - 588 + 30. What is the remainder when y is divided by 24?
21
Let n = 19 + -14. What is the remainder when 7 is divided by n*(-3)/(3/(-1))?
2
Let n(g) = 5*g + 1. Calculate the remainder when 18 is divided by n(1).
0
Let p(q) = q**2 + 5*q - 1. Let r(h) = -2*h + 3. Calculate the remainder when r(-3) is divided by p(-6).
4
Suppose -4*p + 165 = p. What is the remainder when p is divided by 7?
5
Let l(j) = -3*j + 12. Let x be l(-14). Calculate the remainder when 33 is divided by (1 - 0)/(3/x).
15
Let y(j) = 2*j. Let f be y(1). Suppose -3*p = f*p - 130. What is the remainder when p is divided by (18/12)/(1/6)?
8
Suppose 0*z + 60 = 4*z. What is the remainder when ((-63)/35)/((-1)/z) is divided by 7?
6
Suppose v = 4*a + 22, -2*a = 5*v - 4*a - 56. Suppose -12 = 3*w, -4*w - v = c + 3. Calculate the remainder when 31 is divided by (c + -1)/(2/11).
9
Let w = -22 - -21. Let x(u) = -7*u**3 + u**2 - u - 1. Calculate the remainder when 13 is divided by x(w).
5
Let r(n) = 20*n**3 + n**2 + n - 1. Suppose -101 - 143 = -4*m. What is the remainder when m is divided by r(1)?
19
Let z be ((-10)/(-6) - 1)*3. Suppose -4*c + 271 = -3*x, -z*x = -2*c + 3*x + 139. What is the remainder when c is divided by 14?
11
Suppose 2*y + 15 = 7*y. Suppose -7*f + 260 = -y*f. What is the remainder when f is divided by 34?
31
Suppose -c + 19 = 5*w, 5*c = c - w + 19. Suppose c*d = 5*a + 30, -3*a - a - 3 = d. What is the remainder when d is divided by 3?
2
Let r(b) = b**3 + b**2 - 5*b + 3. Suppose 0 = -t + 11 + 2. Calculate the remainder when t is divided by r(2).
3
Suppose 3*g = 2*z - 46, -z + 0*g + 16 = -5*g. Suppose 5*d = -0*d + 35. What is the remainder when z is divided by d?
5
Suppose 11 + 1 = -3*r. Let u = 27 - r. What is the remainder when u is divided by 11?
9
Suppose -5*s + 17 = -l + 5*l, 13 = 3*s + l. Let w be -2*1 + -3 + s. Suppose -5*k - 10 = -0, w = -p + 3*k + 23. What is the remainder when p is divided by 6?
5
Suppose -4*m + 32 = -100. Calculate the remainder when 57 is divided by m.
24
What is the remainder when (78/(-2))/(1 + (-28)/16) is divided by 2/((-12)/(-81))*2?
25
Suppose 2 - 66 = -4*s + 3*g, -4*s = -g - 64. Let w(d) = -29*d**3 + d**2 + 2*d + 1. Calculate the remainder when w(-1) is divided by s.
13
Let d(c) = 7*c**2 + 2*c - 1. Let a(x) = x**2 - 3*x. Let z be a(3). Suppose n + 0*n - 8 = z. What is the remainder when d(-2) is divided by n?
7
Suppose -127 = -s + 3*l - 6*l, 0 = s + l - 127. Calculate the remainder when s is divided by 66.
61
Let h(r) = r**2 + 8*r + 9. What is the remainder when h(-11) is divided by 9?
6
Let q(s) = -7*s + 1. What is the remainder when 23 is divided by q(-1)?
7
Suppose 0*w = b + 2*w - 3, b - 2*w = -1. Calculate the remainder when ((-2)/2)/(b/(-44)) is divided by 15.
14
Let p be (2/6)/(2/(-6)). Calculate the remainder when (p/(1/(-57)))/1 is divided by 15.
12
Suppose 2*m = t - 15, 4*t - 4*m - 80 = -0*m. What is the remainder when t is divided by 13?
12
Let l = 388 + -214. Suppose 2*q + 220 = 5*k, 2*q - l = -4*k + 4*q. Calculate the remainder when k is divided by 12.
10
Let f = 6 + -6. Suppose -t - 8 = -4*t - 2*x, -t - 5*x - 19 = f. Calculate the remainder when 21 is divided by t.
3
What is the remainder when 13 is divided by 20/((1 - 3)/(-1))?
3
What is the remainder when 36 is divided